28 = 0, -4*z + 2 = v*k - 0*z. What are the prime factors of b(k)?
2
Let f(g) = 2*g**2 + 14*g + 9. What are the prime factors of f(-10)?
3, 23
Suppose 2*l - 4*t - 655 = -111, -5*l = 3*t - 1334. List the prime factors of l.
2, 67
Let t = -7 - -15. List the prime factors of t.
2
Suppose -4*a - 6 = -6*a. Let t be (a + -10)/(-2 - -1). What are the prime factors of 568/28 + (-2)/t?
2, 5
Suppose 5*h - 12 = 2*h, h = g - 19. Suppose -2*a = 2*v - 32, -3*a + 5*v + 25 = -g. What are the prime factors of a?
2
List the prime factors of 428/4 + (0 + 1)*-3.
2, 13
Suppose -4*z = -40 - 8. Suppose -5*d = -z + 2. List the prime factors of d.
2
Suppose -4*b = -3*l + 34, 4*l + 13 = 5. Let c(a) = a**2 + 11*a + 13. List the prime factors of c(b).
3
Let k = 30 + -10. Let u = k + -1. What are the prime factors of u?
19
Let v(g) = g**3 + 2*g**2 - 3*g + 2. Let m(r) = -2*r + 10. Let a be m(8). Let d be a/(-4)*4/3. List the prime factors of v(d).
2, 3
Let l(v) = -v - 8. Let k be l(-4). Let f = k - -7. Let o = f - -1. List the prime factors of o.
2
Let n = -15 - -3. Let q(m) = -m**2 - 14*m - 17. List the prime factors of q(n).
7
Let w(j) = 8*j - 20. What are the prime factors of w(6)?
2, 7
Suppose -5*h = 2*a - 209, -a - 174 = -4*h - 6*a. What are the prime factors of h?
41
Let a(y) = -y + 10. Let d be a(5). Suppose d*b - 45 = 60. What are the prime factors of b?
3, 7
Let y(i) = 15*i**2 + 8*i - 2. What are the prime factors of y(-5)?
3, 37
Suppose -6*o + 279 = -117. What are the prime factors of o?
2, 3, 11
Let i(u) = -2*u + 4. Let n be i(6). Let v = n - -36. List the prime factors of v.
2, 7
Let w be 1 - (1 + -4 + 0). Suppose 28 = w*x - 0*x. List the prime factors of x.
7
Let o = 132 + -77. List the prime factors of o.
5, 11
Suppose 9*n - 50 = 4*n. List the prime factors of n.
2, 5
Let t be (2/3 + -1)*-15. Suppose 22 = 2*r - 2*d, -t*r + d = -0*d - 59. List the prime factors of r.
2, 3
Suppose 4*r - i = 24, -4*i + 29 = 3*r - 2*i. List the prime factors of r.
7
Let t(o) = 49*o - 24. What are the prime factors of t(5)?
13, 17
Suppose 716 = 2*o + o - 2*x, 3*x = 6. What are the prime factors of o?
2, 3, 5
Let z = 0 - -4. Suppose z*m = -3*b - 5, -5*m + 3*b = -m - 13. What are the prime factors of m + -3*5/(-3)?
2, 3
Suppose -u = r - 8 + 2, 5*u - 10 = -r. Let q(i) = i**3 + 12*i**2 + 11*i - 4. Let v be q(-11). List the prime factors of v/3*(-2 - u).
2
Suppose -4*n - 20 = 0, 0 = -3*f - f + 4*n - 208. Let q = 83 + f. List the prime factors of q.
2, 13
Let j = 262 - 80. What are the prime factors of j?
2, 7, 13
Let c(v) = v**3 + 3*v**2 - 1. Let b be c(-3). Let h be 2/((2 + b)*-2). List the prime factors of (-5)/5 - 11*h.
2, 5
Let o(i) = -i**2 + 6*i - 1. Suppose 20 = x + 4*x. Suppose 0*y = y - x. What are the prime factors of o(y)?
7
Let o(d) = d**3 + 3*d**2 - 2*d + 3. Suppose 3*a = -0*a - 5*t + 38, 2*t = 8. Suppose -3*p - 11 = 2*c, 0*p + 3*c = -p - a. What are the prime factors of o(p)?
3
Let y(z) = z**3 + 11*z**2 + 15*z + 5. List the prime factors of y(-9).
2
Let p = 1 - -34. What are the prime factors of p?
5, 7
Let d = -24 - -55. What are the prime factors of d?
31
Let k(i) = -i + 8. Let v = 6 + -5. Let w be (0 - v)/(-1) + 5. List the prime factors of k(w).
2
Suppose -5*g - 30 = -270. List the prime factors of g.
2, 3
Let d(s) = -s**3 + 11*s**2 + 2*s - 5. List the prime factors of d(7).
5, 41
Let r be 8/(-24) - 28/6. What are the prime factors of (r - 9)*-1*1?
2, 7
List the prime factors of 4 - -36 - 1 - 2.
37
Suppose -625 = -6*t + 539. What are the prime factors of t?
2, 97
Let z be ((-6)/1)/(1 + -3). Let a = 5 - z. What are the prime factors of a?
2
Let l be (-18)/4*(-20)/(-15). Let s be l/(-1)*1/(-2). List the prime factors of (-10)/(-2*(-3)/s).
5
List the prime factors of (-712)/(-4) + -3*(-6)/(-9).
2, 11
Let g = 12 + -7. Suppose 6*b - g*b = 8. What are the prime factors of b?
2
Let u(o) = o + 16. Let n be u(-11). List the prime factors of (-3)/6*n*-4.
2, 5
Suppose 45*l + 250 = 47*l. List the prime factors of l.
5
Suppose 4*n - 2*i - 950 = -220, -i + 560 = 3*n. List the prime factors of n.
5, 37
Let f be (-15)/2*12/(-10). Suppose 33 = 2*c + f. List the prime factors of c.
2, 3
Suppose -3*i - 9 = 12. Let f = 1 + i. Let k(g) = -2*g - 9. What are the prime factors of k(f)?
3
Let v be (-23)/(-5) + (-6)/(-15). List the prime factors of 1/(((-15)/(-6))/v).
2
Suppose 3*r = 7*r + 20, 5*r = -g - 2. Suppose 2*m + 4*p - g = 13, 0 = -m + p + 24. List the prime factors of m.
2, 11
Suppose c + 3*c + 148 = 0. Let i = 66 + c. Suppose -5*u - 4 = -i. List the prime factors of u.
5
Let w(c) = c + 2. Let p be w(8). Suppose 4*s - 64 = 2*j, p = s - 5*j - 24. List the prime factors of s.
2, 7
Let o(i) = -i**3 - i**2. Let f be o(-6). Suppose -5*a = -5*z - f, 4*a = -z + 4*z + 143. List the prime factors of a.
5, 7
Suppose 0 = 4*d + 3*x - 320 - 119, -5*x - 104 = -d. List the prime factors of d.
109
Let m be ((-2)/3)/(8/(-60)). Suppose x + 2*h + 8 = -7, -m*x = 4*h + 75. List the prime factors of 5/x - (-62)/6.
2, 5
Suppose -5*y + n + 139 = -n, -5*n - 10 = 0. Suppose q + 3*z = y, 2*z + 85 = 5*q + 7*z. What are the prime factors of q?
2, 3
Suppose 242 = 5*n + 2*d + d, 5*n - d = 226. List the prime factors of n.
2, 23
Let u = 91 - 53. Suppose -p - 17 = -0*g - 2*g, -4*g - 2*p + u = 0. Suppose 0 = -2*a + g - 1. List the prime factors of a.
2
Suppose -4*o - 207 = -5*d - 0*o, -3*d + 3*o = -126. What are the prime factors of d?
3, 13
Suppose -3*k - 188 = -a, 0 = -5*a + k + k + 979. What are the prime factors of a?
197
Let u = 4 - 18. Let j = 2 - u. What are the prime factors of j?
2
Let o(p) = -5*p**3 + 2*p + 1. Let i be o(-1). Let r(a) = 4 - i*a**2 + 6*a - a**3 - 6*a. What are the prime factors of r(-4)?
2
Suppose 0 = -3*r - 2*r - 4*b + 798, -5*b = -5*r + 780. What are the prime factors of (-9)/(-45) - r/(-10)?
2
Suppose o + 3 - 43 = 0. List the prime factors of o.
2, 5
Suppose 16*q + 54 = 18*q. List the prime factors of q.
3
Let c(v) be the third derivative of v**4/24 - 5*v**3/6 + 2*v**2. Let q be c(0). Let t(h) = -h**3 - 4*h**2 + 3*h + 1. List the prime factors of t(q).
11
List the prime factors of (96/(-54))/8 - (-3435)/27.
127
Let w be (-24)/14 - 4/14. Let b(d) = -2*d + 2. Let n be b(w). Let z = n + 0. What are the prime factors of z?
2, 3
Suppose 65 = z + 4*z. List the prime factors of z.
13
Let c(t) be the second derivative of t**4/24 + 2*t**3 + t**2/2 + 3*t. Let q(g) be the first derivative of c(g). List the prime factors of q(-8).
2
Let c = -60 + 111. List the prime factors of c.
3, 17
Suppose 3*p + g - 28 = -g, 3*p - 43 = -5*g. Let h = p - 6. Suppose h = -5*n + 32 + 13. What are the prime factors of n?
3
Let w = 7 - 3. Let z = w - 3. Suppose -8 = -x + z. What are the prime factors of x?
3
Suppose -2*h = h - 147. Suppose 13 = -4*q + h. What are the prime factors of q?
3
Let q(i) = i**2 + 4*i + 4. Let o be q(-4). What are the prime factors of ((-13)/o)/(4/(-16))?
13
Let m be 9/(-2)*10/3. Let p be (4/3)/((-10)/m). What are the prime factors of 11/p + (-2)/(-4)?
2, 3
Let g = -71 + 134. List the prime factors of g.
3, 7
Suppose 4*j = 180 - 40. List the prime factors of j.
5, 7
Let n(d) = -17*d**3 + d. Let p(m) = m + 8. Let u be p(-9). List the prime factors of n(u).
2
List the prime factors of 1366/9 + (-4 - 76/(-18)).
2, 19
Suppose 0*h + 72 = 2*h. Suppose 0*m = 3*m - h. Suppose -3*f + m = -5*i - 38, -5*f + 4*i = -79. What are the prime factors of f?
3, 5
Let g(b) = -b**2 + 13*b + 13. List the prime factors of g(11).
5, 7
Let w = -1 - -1. Suppose w = -4*v - 0 + 48. What are the prime factors of v?
2, 3
Suppose -2*a = -181 + 43. List the prime factors of a.
3, 23
Let u be 7 + (3*2)/(-3). Let l = u + -5. Let w(m) = -m + 3. List the prime factors of w(l).
3
Suppose -62 - 72 = -2*h. What are the prime factors of h?
67
Let v = 795 - 517. What are the prime factors of v?
2, 139
Let s = -5 - -8. Suppose 2*o = -3*t - 61, 7*o + 20 = s*o. Let j = t + 26. What are the prime factors of j?
3
Let k(i) = i**3 + i + 9. Let o(m) = -4 - 1 - 3*m + 2*m. Let u be o(-5). What are the prime factors of k(u)?
3
Suppose 0 = -3*i + 4 - 16, -2*r + 390 = -i. What are the prime factors of r?
193
Suppose 3*j - 32 = 31. List the prime factors of j.
3, 7
Let u(a) = -5*a - 3. Let n be u(-1). What are the prime factors of ((-108)/(-8))/